 = -2*l. What is the remainder when 86 is divided by l?
41
Suppose 0 = h - 2*h + 118. Let g = 44 - 14. Calculate the remainder when h is divided by g.
28
Let t = -8121 - -8363. What is the remainder when 518 is divided by t?
34
Let z be (3/(-12)*2)/((-29)/3306). Suppose -84 - z = -3*j. Calculate the remainder when 82 is divided by j.
35
What is the remainder when (720/(-192))/(15/(-680)) is divided by 59?
52
Let h be 3/2 - (-5)/(-10) - -19. Let i = -18 + h. Suppose 4*u + 2*g + 4 = 46, 27 = i*u - g. Calculate the remainder when 177 is divided by u.
9
Let h = -262 - -276. Let g(q) = q**3 - 15*q**2 + 16*q + 37. Calculate the remainder when g(h) is divided by 33.
32
Let t(n) = -49*n - 1. Let v = 71984 + -71956. Calculate the remainder when t(-4) is divided by v.
27
Let d = 2013 - 1562. Calculate the remainder when d is divided by 53.
27
Let a(q) = 13*q + 126. What is the remainder when a(59) is divided by 148?
5
Let j(b) = 6*b - 28. Let w be j(5). Let n(c) = w*c**3 - 6*c - c**3 + 15*c + 10*c**2 + 4. Calculate the remainder when n(-8) is divided by 16.
12
Let n = 1972 + -1902. Calculate the remainder when 375 is divided by n.
25
Suppose 428*s = 424*s + 196. Calculate the remainder when 435 is divided by s.
43
Calculate the remainder when 635 is divided by ((-16434)/664)/((-9)/96).
107
Suppose 0 = 3*m + 5*x - 23, -12*x = -3*m - 9*x + 39. Calculate the remainder when 119 is divided by m.
9
Suppose -2*d + 2*q + 0*q + 74 = 0, -5*d = -q - 177. What is the remainder when 3686/(-57)*6/(-4) is divided by d?
27
Let n(f) = 5*f + 39. Let b(l) = 4*l + 38. Let c(i) = 6*b(i) - 5*n(i). Let j = -90041 + 90060. Calculate the remainder when c(0) is divided by j.
14
Suppose 4*c - 20 = -0*c. Let r be (-4)/c + (-774)/45. Let m = r + 28. Calculate the remainder when m is divided by 2.
0
Let j(n) = -24*n**3 - 3*n**2 - 4*n - 1. Let i be j(-2). Let z = i - 181. Calculate the remainder when 46 is divided by z.
4
Suppose -2*q = -5*u + 288, 0*u - 3*u = 4*q - 152. Suppose -4*t = 3*p - 38, 0*p = 5*p + 3*t - u. What is the remainder when 48 is divided by p?
8
Let y = 214 - -434. Suppose 0 = -2*w + 712 - y. Calculate the remainder when 120 is divided by w.
24
Let k(y) = 3*y**3 + 18*y**2 + 9*y - 8. Let p be k(-5). Suppose 2*n + 16 = 3*j + 75, p = n + j. Calculate the remainder when 70 is divided by n.
20
Let i(s) = -2*s**3 - s**2 + 7*s + 24. Let d be i(-7). Suppose 1788 = 12*r + d. What is the remainder when r is divided by (-9)/(-63) + 152/14?
10
Let o = -347 - -544. Let b = o + -31. Suppose -132 = 2*w - b. Calculate the remainder when w is divided by 2.
1
Let u = 102 - 184. Let z = -63 - u. What is the remainder when 35 is divided by z?
16
Let q = 63264 + -63211. Let o(h) = -h - 6. Let t be o(-5). Let c = 27 - t. Calculate the remainder when q is divided by c.
25
Let j = 2747 + -2719. What is the remainder when 462 is divided by j?
14
Let n = 4 - 2. Let q be -6 + 3 - (7 - n). What is the remainder when 78 is divided by q/(-14)*(-70)/(-4)?
8
Suppose -5*m - 2605 = -4*k, 14*m - 2632 = -4*k + 10*m. Calculate the remainder when k is divided by 14.
11
Let m = 7 - 5. Suppose m*q - x - 132 = -0, -q + x = -64. Let p = -546 + 565. Calculate the remainder when q is divided by p.
11
Suppose 613*q + 744 = 644*q. What is the remainder when 88 is divided by q?
16
Let f(w) = w**3 + 3*w**2 - w + 7. Let n = 57 + -62. Let o be f(n). Calculate the remainder when 39 is divided by 4/(-6)*(o + 26).
7
What is the remainder when 2/3 + 2090/15 is divided by (260/(-120))/((-2)/(-12)*13/(-13))?
10
Let h = 161 - -501. Let d = h - 611. Calculate the remainder when d is divided by 50.
1
Suppose j + 4*s = -181 + 860, -2*s = 4*j - 2660. Calculate the remainder when j is divided by 66.
3
Suppose 0 = -5*i + 4*i - 5. Let y be (6/15)/((-1)/i). Calculate the remainder when 8 is divided by 6/4*y - 0.
2
Suppose 30*o - 33*o = -12. Calculate the remainder when (9 + 27)/o - -283 is divided by 21.
19
Suppose 0 = 59*a - 6484 - 28090. Calculate the remainder when a is divided by 132.
58
Suppose 0 = -16*w + 35*w + 33*w - 474188. What is the remainder when w is divided by 30?
29
Suppose -a + 0*a = 2*x - 13, -x = -3*a - 24. Suppose l - x - 2 = -y, -l = 3*y - 15. Suppose 138 = -7*s + 13*s. What is the remainder when s is divided by l?
5
Let h(i) = -589*i - 1930. What is the remainder when h(-6) is divided by 11?
9
Suppose -20*u - 491 = 15*u - 2101. What is the remainder when u is divided by 35?
11
Suppose 0 = 5*a - 2 - 23, s + 5*a - 29 = 0. Suppose s*b - 9*b = -50. Calculate the remainder when (-1 - 6/(-4))*76 is divided by b.
8
Let b be (-2 + 10/4)*(18 - 18). Calculate the remainder when 78 is divided by (2 - b)/(4/(-288)*-9).
14
Let f = 321 + -368. Calculate the remainder when (1464/(-2))/(45 + f) is divided by 16.
14
Suppose -755 = -v + 4*c - 3*c, 3793 = 5*v - 2*c. Calculate the remainder when v is divided by 28.
5
Let m = -17 + 18. Let l(j) = 31*j. Let u be l(m). Suppose a - 155 = -4*w - w, 0 = -w - 2*a + u. Calculate the remainder when 87 is divided by w.
25
Let w = -20627 + 20843. Calculate the remainder when 362 is divided by w.
146
Let u be (-85)/(-6) + (-7)/42. Suppose 7*c = u*c - 245. What is the remainder when 51 is divided by c?
16
Let p = 33527 - 14989. Calculate the remainder when p is divided by 103.
101
Suppose 355 - 108 = 4*q - 3*n, -198 = -3*q - 2*n. Suppose -2*y + 5*b = -q, -2*b + b + 52 = 2*y. Let a = y - 2. What is the remainder when 97 is divided by a?
22
Let u be 28/10*(-1 + 35/10). Suppose -3*b - 3 = 0, -3*b = -2*l - u*b + 94. Calculate the remainder when l is divided by 17.
15
What is the remainder when 2*(2043/46 - (-32)/368) is divided by 29 + 1 + 2/1?
25
Let m = 16098 + -16080. Calculate the remainder when 5253 is divided by m.
15
Let v = -3210 + 3301. Calculate the remainder when 351 is divided by v.
78
Let q be ((15512/(-12))/(-7))/(2/3). Let m = -206 + q. Calculate the remainder when m is divided by 19.
14
Let k be 144/(-54)*(27/(-12) - 0). Let t = 108 + k. Calculate the remainder when t is divided by 40.
34
Let i(c) = -5*c + 896. What is the remainder when i(80) is divided by 2?
0
Let t(d) = d**3 + 7*d**2 - 28. What is the remainder when (-2)/((-15)/((-1860)/(-8))) is divided by t(-6)?
7
Let u(q) = q**2 - 3*q + 4. Let a be (27/(-4))/(51/(-68)). What is the remainder when u(a) is divided by 20?
18
Let d(i) = -i**3 - 4*i**2 - i + 3. Let a be d(-3). Let u = -132 + 199. What is the remainder when u is divided by a/(3 + 33/(-10))?
7
Let y = -28 - -73. Suppose 2*v = -1480 + 1548. What is the remainder when y is divided by v?
11
Let z be 65/(-8) - (-9)/72. Let h(k) = 2*k + 17. Let p(m) = 3*m + 17. Let l(d) = 2*h(d) - 3*p(d). What is the remainder when 90 is divided by l(z)?
21
Let b(a) = a**2 - 7*a - 23. Let g be b(12). Suppose 4 = -2*l + 4*l. Suppose w + 9 = -l*w, g = 5*r + w. Calculate the remainder when 21 is divided by r.
5
What is the remainder when 475 is divided by 19*6 - 1 - 7/((-56)/16)?
15
Let z(p) = p**3 + 81*p**2 - 440*p - 812. Calculate the remainder when 3*(-2)/(-3) - -189 is divided by z(-86).
47
Let x be (-22320)/(-176) + 2/(-11)*-1. Let d = x - 121. Suppose 32 = y + y. Calculate the remainder when y is divided by d.
4
Let s(g) = 8*g - 22. Let l = -5 - -9. Suppose 0 = -6*u - 0*u + 24. What is the remainder when s(l) is divided by u?
2
Suppose -7*p + 10*p = 2*s + 3, -3*s + p - 1 = 0. Suppose -646*i + 648*i - 24 = s. Calculate the remainder when 477 is divided by i.
9
Suppose -c - p + 44 = 0, 526*p - 531*p + 176 = 4*c. Calculate the remainder when 252 is divided by c.
32
Suppose y = 3*j - 4, 5*j + 3*y + 0*y - 30 = 0. Let i = -120 + 6. Let g = -111 - i. What is the remainder when j is divided by g?
0
Suppose 2*g = -3*k - 0*k + 2252, -2*k + 1476 = -5*g. Suppose 2*z = -3*f + 17, 277*f + 69 = z + 273*f. What is the remainder when k is divided by z?
23
Let t = 13 - 0. Let w(l) = -2*l + 106. Let m be w(-40). Suppose m = 6*o + 36. Calculate the remainder when o is divided by t.
12
What is the remainder when 322 is divided by (12 - (3 - 3)) + -11 + 11?
10
Let i(o) = -32*o + 127. What is the remainder when 1754 is divided by i(3)?
18
Let a(q) = -q**3 + 55*q**2 - 156*q + 48. Calculate the remainder when 815 is divided by a(52).
47
Let q(x) = 2*x**3 - 23*x**2 - 59*x - 143. Calculate the remainde